) = -4*s + 6. Let j(t) = 2*t - 2. Let k = 15 + -12. Let o be j(k). Suppose 0*b + o*b = 2*l - 28, -b = 5*l - 15. Determine a(l).
-10
Let v be (-6)/(-2) - (12/(-4) + 4). Suppose 0 = 10*w - v - 8. Let k(d) = -5*d**3 + d**2 - d + 1. Calculate k(w).
-4
Let m(x) = -21*x**2 + 7*x - 26. Let c(b) = -42*b**2 + 14*b - 44. Let p(o) = 4*c(o) - 7*m(o). What is p(-1)?
-22
Let z(l) = -15*l**2 + 2*l + 3. Let i be -10 + (-12 - -26) + -6. Give z(i).
-61
Let c(b) = -b + 7. Suppose -394 = -26*i + i + 81. Calculate c(i).
-12
Let g(f) = -25*f**2 - 2*f - 1. Let r = -14340 + 14339. Give g(r).
-24
Let n(f) = -f**3 - 7*f**2 - 5*f + 3. Let m(s) = -2*s - 5. Let o(h) = 2*h - 13. Let p be o(5). Let w be m(p). Let z be (w - 8)*66/77. Give n(z).
-3
Let z(d) be the second derivative of -1/6*d**3 - 1/12*d**4 - 6*d + 0 - 3/2*d**2. Let y(q) = q**3 - 4*q**2 - q + 1. Let v be y(4). Give z(v).
-9
Let w(o) = 10*o + 209. Let t be 610/(-30) + (3 + 4)/21. Determine w(t).
9
Let f(h) = -4 + 0*h**3 + 2*h**3 - 6*h**3 + 3*h**3 + 6*h**2 + 10*h. Let z be (9/(-6))/((-9)/42). Give f(z).
17
Let f(j) = 2*j**2 + j - 3. Let t be (36/30)/(32/(-80)). Determine f(t).
12
Let b(o) be the second derivative of -1 - 1/2*o**2 - 37*o - o**3. Give b(2).
-13
Let s(g) = g**3 - 7*g**2 + 7*g - 6. Suppose 0 = -3*x + 24 + 21. Let q = 24 - x. Let u = 15 - q. Determine s(u).
0
Let q be (86/5 - ((-99)/5 + 19))*-1. Let l(g) = 3*g + 59. Calculate l(q).
5
Let b be (1 - 0)/(5/100). Suppose -2*g = -3*g + l - 6, 2*l = 4*g + b. Let h(v) = -v**3 - 3*v**2 + 7*v + 5. What is h(g)?
-7
Let c(w) = -w**2 - 29*w - 206. Let f be c(-18). Let i(l) = l**3 + 7*l**2 - 8*l + 4. Give i(f).
4
Let z = 1950 + -1936. Let x(w) = -w**3 + 13*w**2 + 14*w - 9. What is x(z)?
-9
Suppose -7*n + 60 = 18. Suppose h + 1 = w, -n*h = -2*w - 7*h - 4. Let d(v) = -15*v**3 - v**2. Calculate d(w).
14
Let m(c) = -c**2 + 4*c - 7. Suppose w + 0*w + 27 = -2*f, 0 = w - 2*f + 15. Let l be -3 - (2 + w/3). What is m(l)?
-3
Let n(q) = -16*q + 50. Let c(x) = 33*x - 103. Let d(s) = -6*c(s) - 13*n(s). Determine d(6).
28
Let w be (-4)/(7 + 135/(-20)). Let g = w + 12. Let q(p) = -2*p + 0*p - 3 + p + 7*p. Determine q(g).
-27
Let j(n) = 4*n**3. Let o = -140 - -140. Suppose 9*p - 2 - 7 = o. Give j(p).
4
Suppose -8 = 4*f + 2*j, -13*f = -9*f - 5*j + 8. Let s be f/9 - (-110)/9. Let a(d) = -d**2 + 11*d + 4. Give a(s).
-8
Let d(y) = 2*y - 33. Let v = -27551 + 27545. Calculate d(v).
-45
Let m(x) be the first derivative of -x**4/4 - 2*x**3 + x**2/2 - 2*x + 2. Let g = 735 - 728. Suppose 3*s - 15 = 0, 0 = -h - 4*s - g + 21. Determine m(h).
-8
Let g(o) be the first derivative of -1/4*o**4 - 106 + 5*o - 4*o**3 + 1/2*o**2. Calculate g(-12).
-7
Let i(s) = -19*s - 2 - 31*s - 3 + 24*s. Determine i(1).
-31
Let s(i) be the second derivative of 0*i**4 + 1/6*i**3 - 3/10*i**5 + 0*i**2 - 3*i - 4. Determine s(-1).
5
Suppose 9*g - 5*g - 2 = 2*g. Let d(s) = -15*s + 6. Give d(g).
-9
Let s(n) = n**2 - 16*n - 23. Suppose -4*h + 55*h = 102. Suppose -163 + 129 = -h*a. Give s(a).
-6
Suppose -27 = -5*d - 2. Let x(o) be the first derivative of -3*o - 44 + 1/2*o**2. Calculate x(d).
2
Suppose 27*x - 25*x - 138 = 0. Let i = x + -66. Let k(f) = -f**3 + 2*f**2 + 1 - i*f - 14*f**2 + 7*f**2 - 8. Determine k(-5).
8
Let m(t) be the second derivative of -7*t**4/6 - t**3/2 - 2*t**2 + 43*t. Determine m(-1).
-15
Let o(r) = r**2 - 51*r + 6. Suppose -114*l = -128 - 5852 + 166. Give o(l).
6
Suppose -706 = -15*g + 1514. Let d(t) = 153*t - 307*t + g*t + 1 + t**2. Give d(7).
8
Let m(o) = 18*o - 74. Let q(t) = -t**3 + 4*t**2 + 32*t - 124. Let d be q(4). What is m(d)?
-2
Let q = -3609 + 3614. Let y(c) = c**3 - 6*c**2 + 9*c - 3. Calculate y(q).
17
Let m(z) = 4*z + 8. Let j(v) = -31*v + 277. Let k be j(9). Calculate m(k).
0
Let k = -204 - -203. Let o(s) be the third derivative of 11*s**5/120 - s**4/24 - 2*s**3/3 - s**2. Let y(u) be the first derivative of o(u). Give y(k).
-12
Let k(w) = -w**2 + 6*w - 5. Let u(s) = -s**3 - 5*s**2 + 11*s - 14. Let n be u(-7). Let f be (-2 + -5)*(-7)/n. Give k(f).
-12
Let a(w) = -w - 6. Let s be a(-8). Let t(i) = -1 + 5*i**2 - 6*i**s - 2*i**3 + 0. Let q = -91 + 89. Determine t(q).
11
Let h(x) be the first derivative of -3*x**2/2 - 38*x + 481. Give h(-10).
-8
Suppose -4128*k = -4116*k + 84. Let z(m) = m - 12. What is z(k)?
-19
Let p(u) = -2*u - 3. Let t(z) = z**3 - 13*z**2 + 14*z - 13. Let b be t(12). Suppose -b*m = -9*m - 8. Let c be ((-6)/(-21))/(m/(-28)). Determine p(c).
1
Let y = 100 - 86. Let k = y - -9. Let i(b) = -b**3 + k*b**2 - 22*b**2 + 8*b**3. Give i(-1).
-6
Suppose 0 = -2*n - 3*g + 105, -4*g = -5 + 1. Let j(z) = -z**3 - 7*z**2 - 17*z - 32. Let b be j(-5). Suppose -b = -8*f - n. Let t(d) = d + 3. What is t(f)?
-3
Let o(q) be the first derivative of -3*q**4/4 - 17*q**3/3 + 3*q**2/2 + 7*q + 2926. Give o(-5).
-58
Let u(t) be the second derivative of -t**5/20 - 3*t**4/4 + 2*t**3 + 17*t**2 + 4789*t. Calculate u(-10).
14
Let o(c) = c**2 + 2*c - 4. Let z be 290/9 + (-16)/72. Let w = -30 + z. Let y(d) = -2*d**2 + 5*d - 7. Let t be y(w). Determine o(t).
11
Let m(t) be the first derivative of -2*t**2 - 9*t + t**2 - 70 - 5*t + 109. What is m(-8)?
2
Let t(h) = -h**2 + h + 12. Let y be t(-3). Let i(a) = a**2 + 7 - 16 - 3 + a**3. What is i(y)?
-12
Let n(r) = 23*r**3 + r**2 - 2*r + 2. Let j be (-4693)/(-5187) + (-4)/(-42). Calculate n(j).
24
Let j be (20/3)/((1/(-7))/(24/56)). Let s(n) = n**2 + 22*n + 28. Give s(j).
-12
Let l(p) = p**2 - 5*p - 5. Let g(n) be the third derivative of -n**4/8 - n**3 + 237*n**2 - 2*n. Let v = 10 + -14. Let a be g(v). What is l(a)?
1
Let u(o) = -o**3 - 20*o**2 - 3*o - 60. Let m be u(-20). Let h(k) = -2*k**2 - 5*k - 44 + 3*k**2 + 45 + m*k**2. Let g be (-4)/(-3*4/6). What is h(g)?
-5
Let o(y) be the second derivative of y**5/30 + 17*y**4/24 - y**3/2 + 3*y**2/2 + y - 6. Let k(x) be the first derivative of o(x). Give k(-9).
6
Let n(m) = -3*m**2 + 5*m + 3. Let k(v) = 40*v**2 + 15*v - 40. Let t(z) = z**2 + z - 1. Let b(s) = k(s) - 30*t(s). Let x(f) = -2*b(f) - 7*n(f). Determine x(4).
-5
Let b(q) be the first derivative of q**4/12 + q**3/2 + 13*q**2/2 + 5. Let y(o) be the second derivative of b(o). Suppose 0 = -8*m + 4*m - 8. What is y(m)?
-1
Let j(m) = m**2 + 2*m - 2. Let h be 5*((-3)/15 + 3 + -2). Let f = -28 - -41. Suppose -h*k = -p + f, -13 = 3*p - k + 2*k. Calculate j(p).
1
Suppose -3*i = -2*b - 13, 0 = 5*b - 0*b - 2*i + 38. Let p(o) = -13*o + 3*o + 8*o + 13 + 3*o. Calculate p(b).
5
Let k(a) = -33*a - 28. Let z(u) = 50*u + 29. Let n(r) = -3*k(r) - 2*z(r). Calculate n(10).
16
Let v be ((-150)/(-20))/((-3000)/400). Let z(q) = -6 + 2 + 0*q**2 - 4*q + 2*q**2. Calculate z(v).
2
Let o(a) = -5*a**2 + 138*a - 79. Let y be o(27). Let t(z) = -14*z + 30. Determine t(y).
2
Let s(x) = -3*x + 1. Let l be (0/(-16))/((-1)/(-1)). Suppose -m = -l*v - 3*v + 6, -5*m - 17 = -2*v. Let b be (-135)/(-30)*(0 - 2/m). Calculate s(b).
-8
Let u = -57 + 59. Suppose -u*o = -2*j + 3*j - 6, j = 2*o - 6. Let a(q) = 0*q + 3*q - o + 14*q**2 - 13*q**2. Give a(-4).
1
Let n(i) = -91*i - 105. Let m(f) = -18*f - 19. Let a(w) = -11*m(w) + 2*n(w). Calculate a(2).
31
Let j = -159 + 80. Let l = j - -89. Let m(n) = n**3 - 10*n**2 + n - 13. Calculate m(l).
-3
Let u(h) = 1833 - h**2 + 7*h - 4*h - 915 - 919 - 2*h. Let r be (-26)/(-8) - (-1)/(-4). Let p be 1*2/3*r. What is u(p)?
-3
Let d(f) = -35*f + 52 + 86*f - 21*f - 33*f. Give d(6).
34
Let t(z) = -z**2 - 8*z - 4. Let d = 173 - 169. Suppose -d*k - 38 = 3*c, 2*c = -3*k - 20 - 7. Calculate t(c).
8
Let b(n) = -3*n**3 + 15*n**2 - 54*n + 277. Let l be b(5). Let h(a) = a**3 - 9*a**2 + 9*a + 1. What is h(l)?
-34
Let y(v) be the second derivative of -v**4/12 + 11*v**3/3 - 20*v**2 + 527*v. Determine y(20).
0
Suppose 0 = -5*n + 2*c + 2*c + 20, -3*n + 15 = -3*c. Let x(k) be the third derivative of -k**6/120 + k**5/60 - 7*k**3/6 - 893*k**2. Give x(n).
-7
Let i(j) be the third derivative of -j**4/24 + 4*j**3/3 - j**2. Let w = -54 + 64. Suppose w = t + 4. What is i(t)?
2
Let k = -40 + 44. Suppose 0 = -9*o + k*o + 30. Suppose 2*z - 6 = o. Let q(g) = -g**3 + 5*g**2 + 4*g - 6. What is q(z)?
-18
Let v(s) = 52 + 19*s + 4*s - 9*s - 16*s. Give v(22).
8
Suppose -31*o + 12 = -27*o. Let n(d) be the first derivative of -1/4*d**4 - 16 - 3*d - 3*d**2 - 2*d**o. Determine n(-5).
2
Let a(q) = -q**3 - 5*